[INFO] fetching crate interledger-service 0.4.0...
[INFO] checking interledger-service-0.4.0 against master#af3c6e733a40e671550e0f0f5aeecaa13772ba56 for pr-74989
[INFO] extracting crate interledger-service 0.4.0 into /workspace/builds/worker-7/source
[INFO] validating manifest of crates.io crate interledger-service 0.4.0 on toolchain af3c6e733a40e671550e0f0f5aeecaa13772ba56
[INFO] running `Command { std: "/workspace/cargo-home/bin/cargo" "+af3c6e733a40e671550e0f0f5aeecaa13772ba56" "read-manifest" "--manifest-path" "Cargo.toml", kill_on_drop: false }`
[INFO] started tweaking crates.io crate interledger-service 0.4.0
[INFO] finished tweaking crates.io crate interledger-service 0.4.0
[INFO] tweaked toml for crates.io crate interledger-service 0.4.0 written to /workspace/builds/worker-7/source/Cargo.toml
[INFO] running `Command { std: "/workspace/cargo-home/bin/cargo" "+af3c6e733a40e671550e0f0f5aeecaa13772ba56" "generate-lockfile" "--manifest-path" "Cargo.toml" "-Zno-index-update", kill_on_drop: false }`
[INFO] running `Command { std: "/workspace/cargo-home/bin/cargo" "+af3c6e733a40e671550e0f0f5aeecaa13772ba56" "fetch" "--locked" "--manifest-path" "Cargo.toml", kill_on_drop: false }`
[INFO] running `Command { std: "docker" "create" "-v" "/var/lib/crater-agent-workspace/builds/worker-7/target:/opt/rustwide/target:rw,Z" "-v" "/var/lib/crater-agent-workspace/builds/worker-7/source:/opt/rustwide/workdir:ro,Z" "-v" "/var/lib/crater-agent-workspace/cargo-home:/opt/rustwide/cargo-home:ro,Z" "-v" "/var/lib/crater-agent-workspace/rustup-home:/opt/rustwide/rustup-home:ro,Z" "-e" "SOURCE_DIR=/opt/rustwide/workdir" "-e" "CARGO_TARGET_DIR=/opt/rustwide/target" "-e" "CARGO_HOME=/opt/rustwide/cargo-home" "-e" "RUSTUP_HOME=/opt/rustwide/rustup-home" "-w" "/opt/rustwide/workdir" "-m" "1610612736" "--user" "0:0" "--network" "none" "rustops/crates-build-env@sha256:d92eaeed33fa75130ca1ee6c8a01d1ffb62bac859dfdfb3450e3e5d1c0146529" "/opt/rustwide/cargo-home/bin/cargo" "+af3c6e733a40e671550e0f0f5aeecaa13772ba56" "metadata" "--no-deps" "--format-version=1", kill_on_drop: false }`
[INFO] [stdout] 62328bbc59115ea8ebd997ce133816b6205a3f9046bcf1b6bd25e83392cb7695
[INFO] [stderr] WARNING: Your kernel does not support swap limit capabilities or the cgroup is not mounted. Memory limited without swap.
[INFO] running `Command { std: "docker" "start" "-a" "62328bbc59115ea8ebd997ce133816b6205a3f9046bcf1b6bd25e83392cb7695", kill_on_drop: false }`
[INFO] running `Command { std: "docker" "inspect" "62328bbc59115ea8ebd997ce133816b6205a3f9046bcf1b6bd25e83392cb7695", kill_on_drop: false }`
[INFO] running `Command { std: "docker" "rm" "-f" "62328bbc59115ea8ebd997ce133816b6205a3f9046bcf1b6bd25e83392cb7695", kill_on_drop: false }`
[INFO] [stdout] 62328bbc59115ea8ebd997ce133816b6205a3f9046bcf1b6bd25e83392cb7695
[INFO] running `Command { std: "docker" "create" "-v" "/var/lib/crater-agent-workspace/builds/worker-7/target:/opt/rustwide/target:rw,Z" "-v" "/var/lib/crater-agent-workspace/builds/worker-7/source:/opt/rustwide/workdir:ro,Z" "-v" "/var/lib/crater-agent-workspace/cargo-home:/opt/rustwide/cargo-home:ro,Z" "-v" "/var/lib/crater-agent-workspace/rustup-home:/opt/rustwide/rustup-home:ro,Z" "-e" "SOURCE_DIR=/opt/rustwide/workdir" "-e" "CARGO_TARGET_DIR=/opt/rustwide/target" "-e" "CARGO_INCREMENTAL=0" "-e" "RUST_BACKTRACE=full" "-e" "RUSTFLAGS=--cap-lints=forbid" "-e" "CARGO_HOME=/opt/rustwide/cargo-home" "-e" "RUSTUP_HOME=/opt/rustwide/rustup-home" "-w" "/opt/rustwide/workdir" "-m" "1610612736" "--user" "0:0" "--network" "none" "rustops/crates-build-env@sha256:d92eaeed33fa75130ca1ee6c8a01d1ffb62bac859dfdfb3450e3e5d1c0146529" "/opt/rustwide/cargo-home/bin/cargo" "+af3c6e733a40e671550e0f0f5aeecaa13772ba56" "check" "--frozen" "--all" "--all-targets" "--message-format=json", kill_on_drop: false }`
[INFO] [stdout] e14cc93629dd8638b3e4036a25103ff527caecc9000dcec46fcdc7a26cff8c75
[INFO] [stderr] WARNING: Your kernel does not support swap limit capabilities or the cgroup is not mounted. Memory limited without swap.
[INFO] running `Command { std: "docker" "start" "-a" "e14cc93629dd8638b3e4036a25103ff527caecc9000dcec46fcdc7a26cff8c75", kill_on_drop: false }`
[INFO] [stderr]    Compiling proc-macro2 v1.0.21
[INFO] [stderr]    Compiling unicode-xid v0.2.1
[INFO] [stderr]    Compiling autocfg v1.0.1
[INFO] [stderr]    Compiling syn v1.0.40
[INFO] [stderr]    Compiling serde_derive v1.0.116
[INFO] [stderr]    Compiling libc v0.2.77
[INFO] [stderr]    Compiling byteorder v1.3.4
[INFO] [stderr]    Compiling serde v1.0.116
[INFO] [stderr]    Compiling version_check v0.9.2
[INFO] [stderr]    Compiling ryu v1.0.5
[INFO] [stderr]     Checking regex-syntax v0.6.18
[INFO] [stderr]    Compiling serde_json v1.0.57
[INFO] [stderr]     Checking tinyvec v0.3.4
[INFO] [stderr]     Checking lazy_static v1.4.0
[INFO] [stderr]     Checking quick-error v1.2.3
[INFO] [stderr]     Checking hex v0.4.2
[INFO] [stderr]     Checking futures v0.1.29
[INFO] [stderr]     Checking itoa v0.4.6
[INFO] [stderr]     Checking unicode-normalization v0.1.13
[INFO] [stderr]    Compiling unicase v2.6.0
[INFO] [stderr]    Compiling num-traits v0.2.12
[INFO] [stderr]    Compiling num-integer v0.1.43
[INFO] [stderr]     Checking base64 v0.10.1
[INFO] [stderr]    Compiling quote v1.0.7
[INFO] [stderr]     Checking iovec v0.1.4
[INFO] [stderr]     Checking regex v1.3.9
[INFO] [stderr]     Checking chrono v0.4.15
[INFO] [stderr]     Checking bytes v0.4.12
[INFO] [stdout] error: expected item, found `"serde_json requires that either `std` (default) or `alloc` feature is enabled"`
[INFO] [stdout]  --> /opt/rustwide/cargo-home/registry/src/github.com-1ecc6299db9ec823/serde_json-1.0.57/src/features_check/error.rs:1:1
[INFO] [stdout]   |
[INFO] [stdout] 1 | "serde_json requires that either `std` (default) or `alloc` feature is enabled"
[INFO] [stdout]   | ^^^^^^^^^^^^^^^^^^^^^^^^^^^^^^^^^^^^^^^^^^^^^^^^^^^^^^^^^^^^^^^^^^^^^^^^^^^^^^^ expected item
[INFO] [stdout] 
[INFO] [stdout] 
[INFO] [stderr]     Checking interledger-packet v0.4.0
[INFO] [stdout] error: aborting due to previous error
[INFO] [stdout] 
[INFO] [stdout] 
[INFO] [stderr] error: could not compile `serde_json`.
[INFO] [stderr] 
[INFO] [stderr] To learn more, run the command again with --verbose.
[INFO] [stderr] warning: build failed, waiting for other jobs to finish...
[INFO] [stdout] error[E0308]: mismatched types
[INFO] [stdout]    --> /opt/rustwide/cargo-home/registry/src/github.com-1ecc6299db9ec823/interledger-packet-0.4.0/src/packet.rs:148:43
[INFO] [stdout]     |
[INFO] [stdout] 148 |         let expires_at = SystemTime::from(expires_at);
[INFO] [stdout]     |                                           ^^^^^^^^^^ expected struct `SystemTime`, found struct `DateTime`
[INFO] [stdout]     |
[INFO] [stdout]     = note: expected struct `SystemTime`
[INFO] [stdout]                found struct `DateTime<Utc>`
[INFO] [stdout] 
[INFO] [stdout] 
[INFO] [stdout] error[E0277]: the trait bound `DateTime<Utc>: From<SystemTime>` is not satisfied
[INFO] [stdout]    --> /opt/rustwide/cargo-home/registry/src/github.com-1ecc6299db9ec823/interledger-packet-0.4.0/src/packet.rs:196:13
[INFO] [stdout]     |
[INFO] [stdout] 196 |             DateTime::<Utc>::from(expires_at).format(INTERLEDGER_TIMESTAMP_FORMAT),
[INFO] [stdout]     |             ^^^^^^^^^^^^^^^^^^^^^ the trait `From<SystemTime>` is not implemented for `DateTime<Utc>`
[INFO] [stdout]     |
[INFO] [stdout]     = help: the following implementations were found:
[INFO] [stdout]               <DateTime<FixedOffset> as From<DateTime<Utc>>>
[INFO] [stdout]               <DateTime<Utc> as From<DateTime<FixedOffset>>>
[INFO] [stdout]     = note: required by `from`
[INFO] [stdout] 
[INFO] [stdout] 
[INFO] [stdout] error[E0599]: no method named `format` found for struct `DateTime<Utc>` in the current scope
[INFO] [stdout]    --> /opt/rustwide/cargo-home/registry/src/github.com-1ecc6299db9ec823/interledger-packet-0.4.0/src/packet.rs:196:47
[INFO] [stdout]     |
[INFO] [stdout] 196 |             DateTime::<Utc>::from(expires_at).format(INTERLEDGER_TIMESTAMP_FORMAT),
[INFO] [stdout]     |                                               ^^^^^^ method not found in `DateTime<Utc>`
[INFO] [stdout] 
[INFO] [stdout] 
[INFO] [stdout] error[E0277]: the trait bound `DateTime<Utc>: From<SystemTime>` is not satisfied
[INFO] [stdout]    --> /opt/rustwide/cargo-home/registry/src/github.com-1ecc6299db9ec823/interledger-packet-0.4.0/src/packet.rs:248:18
[INFO] [stdout]     |
[INFO] [stdout] 248 |                 &DateTime::<Utc>::from(self.expires_at()).to_rfc3339(),
[INFO] [stdout]     |                  ^^^^^^^^^^^^^^^^^^^^^ the trait `From<SystemTime>` is not implemented for `DateTime<Utc>`
[INFO] [stdout]     |
[INFO] [stdout]     = help: the following implementations were found:
[INFO] [stdout]               <DateTime<FixedOffset> as From<DateTime<Utc>>>
[INFO] [stdout]               <DateTime<Utc> as From<DateTime<FixedOffset>>>
[INFO] [stdout]     = note: required by `from`
[INFO] [stdout] 
[INFO] [stdout] 
[INFO] [stdout] error[E0599]: no method named `to_rfc3339` found for struct `DateTime<Utc>` in the current scope
[INFO] [stdout]    --> /opt/rustwide/cargo-home/registry/src/github.com-1ecc6299db9ec823/interledger-packet-0.4.0/src/packet.rs:248:59
[INFO] [stdout]     |
[INFO] [stdout] 248 |                 &DateTime::<Utc>::from(self.expires_at()).to_rfc3339(),
[INFO] [stdout]     |                                                           ^^^^^^^^^^ method not found in `DateTime<Utc>`
[INFO] [stdout] 
[INFO] [stdout] 
[INFO] [stdout] error[E0277]: the trait bound `DateTime<Utc>: From<SystemTime>` is not satisfied
[INFO] [stdout]    --> /opt/rustwide/cargo-home/registry/src/github.com-1ecc6299db9ec823/interledger-packet-0.4.0/src/packet.rs:277:13
[INFO] [stdout]     |
[INFO] [stdout] 277 |             DateTime::<Utc>::from(self.expires_at).format(INTERLEDGER_TIMESTAMP_FORMAT),
[INFO] [stdout]     |             ^^^^^^^^^^^^^^^^^^^^^ the trait `From<SystemTime>` is not implemented for `DateTime<Utc>`
[INFO] [stdout]     |
[INFO] [stdout]     = help: the following implementations were found:
[INFO] [stdout]               <DateTime<FixedOffset> as From<DateTime<Utc>>>
[INFO] [stdout]               <DateTime<Utc> as From<DateTime<FixedOffset>>>
[INFO] [stdout]     = note: required by `from`
[INFO] [stdout] 
[INFO] [stdout] 
[INFO] [stdout] error[E0599]: no method named `format` found for struct `DateTime<Utc>` in the current scope
[INFO] [stdout]    --> /opt/rustwide/cargo-home/registry/src/github.com-1ecc6299db9ec823/interledger-packet-0.4.0/src/packet.rs:277:52
[INFO] [stdout]     |
[INFO] [stdout] 277 |             DateTime::<Utc>::from(self.expires_at).format(INTERLEDGER_TIMESTAMP_FORMAT),
[INFO] [stdout]     |                                                    ^^^^^^ method not found in `DateTime<Utc>`
[INFO] [stdout] 
[INFO] [stdout] 
[INFO] [stdout] error[E0277]: the trait bound `chrono::ParseError: std::error::Error` is not satisfied
[INFO] [stdout]   --> /opt/rustwide/cargo-home/registry/src/github.com-1ecc6299db9ec823/interledger-packet-0.4.0/src/errors.rs:29:19
[INFO] [stdout]    |
[INFO] [stdout] 29 |             cause(err)
[INFO] [stdout]    |                   ^^^ the trait `std::error::Error` is not implemented for `chrono::ParseError`
[INFO] [stdout]    |
[INFO] [stdout]    = note: required for the cast to the object type `dyn std::error::Error`
[INFO] [stdout] 
[INFO] [stdout] 
[INFO] [stdout] error: aborting due to 8 previous errors
[INFO] [stdout] 
[INFO] [stdout] 
[INFO] [stdout] Some errors have detailed explanations: E0277, E0308, E0599.
[INFO] [stdout] 
[INFO] [stdout] For more information about an error, try `rustc --explain E0277`.
[INFO] [stdout] 
[INFO] [stderr] error: build failed
[INFO] running `Command { std: "docker" "inspect" "e14cc93629dd8638b3e4036a25103ff527caecc9000dcec46fcdc7a26cff8c75", kill_on_drop: false }`
[INFO] running `Command { std: "docker" "rm" "-f" "e14cc93629dd8638b3e4036a25103ff527caecc9000dcec46fcdc7a26cff8c75", kill_on_drop: false }`
[INFO] [stdout] e14cc93629dd8638b3e4036a25103ff527caecc9000dcec46fcdc7a26cff8c75
